{"id":2320,"date":"2016-03-24T09:29:47","date_gmt":"2016-03-24T08:29:47","guid":{"rendered":"http:\/\/brooklyn.fatmoon.kinsta.com\/?page_id=2320"},"modified":"2025-07-16T23:50:38","modified_gmt":"2025-07-16T21:50:38","slug":"galeria","status":"publish","type":"page","link":"https:\/\/papillongdansk.pl\/?page_id=2320","title":{"rendered":"Galeria"},"content":{"rendered":"","protected":false},"excerpt":{"rendered":"","protected":false},"author":1,"featured_media":0,"parent":0,"menu_order":0,"comment_status":"closed","ping_status":"closed","template":"works-template.php","meta":{"footnotes":""},"class_list":["post-2320","page","type-page","status-publish"],"yoast_head":"<!-- This site is optimized with the Yoast SEO plugin v25.5 - https:\/\/yoast.com\/wordpress\/plugins\/seo\/ -->\n<title>Galeria - Papillon Apartamenty Gda\u0144sk<\/title>\n<meta name=\"description\" content=\"Galeria - sprawd\u017a list\u0119 dost\u0119pnych apartament\u00f3w i wybierz ten, kt\u00f3ry b\u0119dzie dla Ciebie idealny. Wypoczynek w Gda\u0144sku na wyci\u0105gni\u0119cie r\u0119ki.\" \/>\n<meta name=\"robots\" content=\"index, follow, max-snippet:-1, max-image-preview:large, max-video-preview:-1\" \/>\n<link rel=\"canonical\" href=\"https:\/\/papillongdansk.pl\/?page_id=2320\" \/>\n<meta property=\"og:locale\" content=\"pl_PL\" \/>\n<meta property=\"og:type\" content=\"article\" \/>\n<meta property=\"og:title\" content=\"Galeria - Papillon Apartamenty Gda\u0144sk\" \/>\n<meta property=\"og:description\" content=\"Galeria - sprawd\u017a list\u0119 dost\u0119pnych apartament\u00f3w i wybierz ten, kt\u00f3ry b\u0119dzie dla Ciebie idealny. Wypoczynek w Gda\u0144sku na wyci\u0105gni\u0119cie r\u0119ki.\" \/>\n<meta property=\"og:url\" content=\"https:\/\/papillongdansk.pl\/?page_id=2320\" \/>\n<meta property=\"og:site_name\" content=\"Papillon Apartamenty Gda\u0144sk\" \/>\n<meta property=\"article:publisher\" content=\"https:\/\/www.facebook.com\/papillonapartamenty\/\" \/>\n<meta property=\"article:modified_time\" content=\"2025-07-16T21:50:38+00:00\" \/>\n<meta name=\"twitter:card\" content=\"summary_large_image\" \/>\n<script type=\"application\/ld+json\" class=\"yoast-schema-graph\">{\"@context\":\"https:\/\/schema.org\",\"@graph\":[{\"@type\":\"WebPage\",\"@id\":\"https:\/\/papillongdansk.pl\/?page_id=2320\",\"url\":\"https:\/\/papillongdansk.pl\/?page_id=2320\",\"name\":\"Galeria - Papillon Apartamenty Gda\u0144sk\",\"isPartOf\":{\"@id\":\"https:\/\/papillongdansk.pl\/#website\"},\"datePublished\":\"2016-03-24T08:29:47+00:00\",\"dateModified\":\"2025-07-16T21:50:38+00:00\",\"description\":\"Galeria - sprawd\u017a list\u0119 dost\u0119pnych apartament\u00f3w i wybierz ten, kt\u00f3ry b\u0119dzie dla Ciebie idealny. Wypoczynek w Gda\u0144sku na wyci\u0105gni\u0119cie r\u0119ki.\",\"breadcrumb\":{\"@id\":\"https:\/\/papillongdansk.pl\/?page_id=2320#breadcrumb\"},\"inLanguage\":\"pl-PL\",\"potentialAction\":[{\"@type\":\"ReadAction\",\"target\":[\"https:\/\/papillongdansk.pl\/?page_id=2320\"]}]},{\"@type\":\"BreadcrumbList\",\"@id\":\"https:\/\/papillongdansk.pl\/?page_id=2320#breadcrumb\",\"itemListElement\":[{\"@type\":\"ListItem\",\"position\":1,\"name\":\"Strona g\u0142\u00f3wna\",\"item\":\"https:\/\/papillongdansk.pl\/\"},{\"@type\":\"ListItem\",\"position\":2,\"name\":\"Galeria\"}]},{\"@type\":\"WebSite\",\"@id\":\"https:\/\/papillongdansk.pl\/#website\",\"url\":\"https:\/\/papillongdansk.pl\/\",\"name\":\"Papillon Apartamenty Gda\u0144sk\",\"description\":\"Przytulne i komfortowe apartamenty w atrakcyjnej lokalizacji Gda\u0144ska, blisko pla\u017cy, oraz stadionu Arena Gda\u0144sk. Po\u0142o\u017cone w odleg\u0142o\u015bci 15 minut od Centrum Gda\u0144ska i Sopotu\",\"publisher\":{\"@id\":\"https:\/\/papillongdansk.pl\/#organization\"},\"potentialAction\":[{\"@type\":\"SearchAction\",\"target\":{\"@type\":\"EntryPoint\",\"urlTemplate\":\"https:\/\/papillongdansk.pl\/?s={search_term_string}\"},\"query-input\":{\"@type\":\"PropertyValueSpecification\",\"valueRequired\":true,\"valueName\":\"search_term_string\"}}],\"inLanguage\":\"pl-PL\"},{\"@type\":\"Organization\",\"@id\":\"https:\/\/papillongdansk.pl\/#organization\",\"name\":\"Papillon Apartamenty Gda\u0144sk\",\"url\":\"https:\/\/papillongdansk.pl\/\",\"logo\":{\"@type\":\"ImageObject\",\"inLanguage\":\"pl-PL\",\"@id\":\"https:\/\/papillongdansk.pl\/#\/schema\/logo\/image\/\",\"url\":\"https:\/\/papillongdansk.pl\/wp-content\/uploads\/2021\/01\/logo-papillon.png\",\"contentUrl\":\"https:\/\/papillongdansk.pl\/wp-content\/uploads\/2021\/01\/logo-papillon.png\",\"width\":150,\"height\":131,\"caption\":\"Papillon Apartamenty Gda\u0144sk\"},\"image\":{\"@id\":\"https:\/\/papillongdansk.pl\/#\/schema\/logo\/image\/\"},\"sameAs\":[\"https:\/\/www.facebook.com\/papillonapartamenty\/\",\"https:\/\/www.instagram.com\/explore\/locations\/103643138255451\/papillon-apartamenty-gdansk\/\"]}]}<\/script>\n<!-- \/ Yoast SEO plugin. -->","yoast_head_json":{"title":"Galeria - Papillon Apartamenty Gda\u0144sk","description":"Galeria - sprawd\u017a list\u0119 dost\u0119pnych apartament\u00f3w i wybierz ten, kt\u00f3ry b\u0119dzie dla Ciebie idealny. Wypoczynek w Gda\u0144sku na wyci\u0105gni\u0119cie r\u0119ki.","robots":{"index":"index","follow":"follow","max-snippet":"max-snippet:-1","max-image-preview":"max-image-preview:large","max-video-preview":"max-video-preview:-1"},"canonical":"https:\/\/papillongdansk.pl\/?page_id=2320","og_locale":"pl_PL","og_type":"article","og_title":"Galeria - Papillon Apartamenty Gda\u0144sk","og_description":"Galeria - sprawd\u017a list\u0119 dost\u0119pnych apartament\u00f3w i wybierz ten, kt\u00f3ry b\u0119dzie dla Ciebie idealny. Wypoczynek w Gda\u0144sku na wyci\u0105gni\u0119cie r\u0119ki.","og_url":"https:\/\/papillongdansk.pl\/?page_id=2320","og_site_name":"Papillon Apartamenty Gda\u0144sk","article_publisher":"https:\/\/www.facebook.com\/papillonapartamenty\/","article_modified_time":"2025-07-16T21:50:38+00:00","twitter_card":"summary_large_image","schema":{"@context":"https:\/\/schema.org","@graph":[{"@type":"WebPage","@id":"https:\/\/papillongdansk.pl\/?page_id=2320","url":"https:\/\/papillongdansk.pl\/?page_id=2320","name":"Galeria - Papillon Apartamenty Gda\u0144sk","isPartOf":{"@id":"https:\/\/papillongdansk.pl\/#website"},"datePublished":"2016-03-24T08:29:47+00:00","dateModified":"2025-07-16T21:50:38+00:00","description":"Galeria - sprawd\u017a list\u0119 dost\u0119pnych apartament\u00f3w i wybierz ten, kt\u00f3ry b\u0119dzie dla Ciebie idealny. Wypoczynek w Gda\u0144sku na wyci\u0105gni\u0119cie r\u0119ki.","breadcrumb":{"@id":"https:\/\/papillongdansk.pl\/?page_id=2320#breadcrumb"},"inLanguage":"pl-PL","potentialAction":[{"@type":"ReadAction","target":["https:\/\/papillongdansk.pl\/?page_id=2320"]}]},{"@type":"BreadcrumbList","@id":"https:\/\/papillongdansk.pl\/?page_id=2320#breadcrumb","itemListElement":[{"@type":"ListItem","position":1,"name":"Strona g\u0142\u00f3wna","item":"https:\/\/papillongdansk.pl\/"},{"@type":"ListItem","position":2,"name":"Galeria"}]},{"@type":"WebSite","@id":"https:\/\/papillongdansk.pl\/#website","url":"https:\/\/papillongdansk.pl\/","name":"Papillon Apartamenty Gda\u0144sk","description":"Przytulne i komfortowe apartamenty w atrakcyjnej lokalizacji Gda\u0144ska, blisko pla\u017cy, oraz stadionu Arena Gda\u0144sk. Po\u0142o\u017cone w odleg\u0142o\u015bci 15 minut od Centrum Gda\u0144ska i Sopotu","publisher":{"@id":"https:\/\/papillongdansk.pl\/#organization"},"potentialAction":[{"@type":"SearchAction","target":{"@type":"EntryPoint","urlTemplate":"https:\/\/papillongdansk.pl\/?s={search_term_string}"},"query-input":{"@type":"PropertyValueSpecification","valueRequired":true,"valueName":"search_term_string"}}],"inLanguage":"pl-PL"},{"@type":"Organization","@id":"https:\/\/papillongdansk.pl\/#organization","name":"Papillon Apartamenty Gda\u0144sk","url":"https:\/\/papillongdansk.pl\/","logo":{"@type":"ImageObject","inLanguage":"pl-PL","@id":"https:\/\/papillongdansk.pl\/#\/schema\/logo\/image\/","url":"https:\/\/papillongdansk.pl\/wp-content\/uploads\/2021\/01\/logo-papillon.png","contentUrl":"https:\/\/papillongdansk.pl\/wp-content\/uploads\/2021\/01\/logo-papillon.png","width":150,"height":131,"caption":"Papillon Apartamenty Gda\u0144sk"},"image":{"@id":"https:\/\/papillongdansk.pl\/#\/schema\/logo\/image\/"},"sameAs":["https:\/\/www.facebook.com\/papillonapartamenty\/","https:\/\/www.instagram.com\/explore\/locations\/103643138255451\/papillon-apartamenty-gdansk\/"]}]}},"_links":{"self":[{"href":"https:\/\/papillongdansk.pl\/index.php?rest_route=\/wp\/v2\/pages\/2320","targetHints":{"allow":["GET"]}}],"collection":[{"href":"https:\/\/papillongdansk.pl\/index.php?rest_route=\/wp\/v2\/pages"}],"about":[{"href":"https:\/\/papillongdansk.pl\/index.php?rest_route=\/wp\/v2\/types\/page"}],"author":[{"embeddable":true,"href":"https:\/\/papillongdansk.pl\/index.php?rest_route=\/wp\/v2\/users\/1"}],"replies":[{"embeddable":true,"href":"https:\/\/papillongdansk.pl\/index.php?rest_route=%2Fwp%2Fv2%2Fcomments&post=2320"}],"version-history":[{"count":1,"href":"https:\/\/papillongdansk.pl\/index.php?rest_route=\/wp\/v2\/pages\/2320\/revisions"}],"predecessor-version":[{"id":12821,"href":"https:\/\/papillongdansk.pl\/index.php?rest_route=\/wp\/v2\/pages\/2320\/revisions\/12821"}],"wp:attachment":[{"href":"https:\/\/papillongdansk.pl\/index.php?rest_route=%2Fwp%2Fv2%2Fmedia&parent=2320"}],"curies":[{"name":"wp","href":"https:\/\/api.w.org\/{rel}","templated":true}]}}